{"id":19,"date":"2024-11-05T16:32:00","date_gmt":"2024-11-05T15:32:00","guid":{"rendered":"http:\/\/www.torrepali.info\/index.php\/come-arrivare-a-torre-pali-le"},"modified":"2024-11-05T16:33:49","modified_gmt":"2024-11-05T15:33:49","slug":"come-arrivare-a-torre-pali-le","status":"publish","type":"page","link":"https:\/\/www.torrepali.info\/index.php\/come-arrivare-a-torre-pali-le","title":{"rendered":"Come Arrivare a Torre Pali (Le)"},"content":{"rendered":"\n<p>Marina di Torre Pali si trova sul versante ionico della costa del Salento tra Santa Maria di Leuca  e Gallipoli. Appartiene al Comune di Salve insieme alle marine di Pescoluse, Posto Vecchio e parte di Lido Marini e deve il suo nome all&#8217;antica torre di avvistamento da sempre punto di riferimento per gli abitanti. La zona \u00e8 quella che prende il nome dal famoso stabilimento balneare di <strong>Pescoluse<\/strong>   dove si trovano le spiagge pi\u00f9 conosciute e belle di tutta la Puglia.   <\/p>\n\n\n\n<p>Arrivare a Torre Pali  quasi all&#8217;estremit\u00e0 della Puglia \u00e8 un autentico<em><strong> &#8220;viaggio nel viaggio<\/strong><\/em>&#8221;  che vi porter\u00e0 attraverso la bellezza unica di uno dei paesaggi pi\u00f9 sorprendenti del Sud Italia, che si tratti di guidare la vostra auto, noleggiare un veicolo, prendere l&#8217;autobus o viaggiare in treno.  Arrivare in aereo oppure in treno a Torre Pali \u00e8 possibile tendendo presente che lo scalo pi\u00f9 vicino \u00e8 <strong>Brindisi<\/strong> e la piccola <strong>stazione ferroviaria<\/strong> pi\u00f9 vicina dista qualche chilometro dalla nostra marina. In loco ci sono diverse <strong>agenzie di noleggio auto <\/strong>alle quali rivolgersi quando programmate la vacanza a Torre Pali in Salento se volete concordare un transfer da e per l&#8217;aeroporto o la stazione pi\u00f9 vicina.<\/p>\n\n\n\n<figure class=\"wp-block-image size-full\"><a href=\"https:\/\/www.torrepali.info\/wp-content\/uploads\/2013\/07\/torre-pali-info-testata.jpg\"><img loading=\"lazy\" decoding=\"async\" width=\"1000\" height=\"288\" src=\"https:\/\/www.torrepali.info\/wp-content\/uploads\/2013\/07\/torre-pali-info-testata.jpg\" alt=\"\" class=\"wp-image-321\" srcset=\"https:\/\/www.torrepali.info\/wp-content\/uploads\/2013\/07\/torre-pali-info-testata.jpg 1000w, https:\/\/www.torrepali.info\/wp-content\/uploads\/2013\/07\/torre-pali-info-testata-300x86.jpg 300w, https:\/\/www.torrepali.info\/wp-content\/uploads\/2013\/07\/torre-pali-info-testata-500x144.jpg 500w\" sizes=\"auto, (max-width: 1000px) 100vw, 1000px\" \/><\/a><\/figure>\n\n\n\n<h3 class=\"wp-block-heading\"><strong>Arrivare in Auto a Torre Pali<\/strong><\/h3>\n\n\n\n<p>Viaggiare con i mezzi propri in Salento offre sicuramente  maggiore flessibilit\u00e0 e minori tempi di percorrenza. Potete anche scegliere di noleggiare un&#8217;auto quando sarete gi\u00e0 a Torre Pali e quindi spostarvi in lungo ed in largo per il capo di Leuca e scoprire la bellezza dei paesaggi.  Da Lecce potete utilizzare la <strong>tangenziale Ovest <\/strong> quindi imboccare la strada principale <strong>SS 101 Lecce-Gallipoli-Leuca<\/strong>, quindi seguire con la<strong> 274 direzione Santa Maria di Leuca<\/strong>, prendete l&#8217;uscita per Presicce-Acquarica o<strong> per Salve<\/strong>, seguendo poi le indicazioni stradali per Torre Pali. Il viaggio in auto \u00e8 spesso la scelta pi\u00f9 comoda per sfruttare in modo autonomo l&#8217;intera vacanza in Salento. Fate attenzione inoltre agli autovelox presenti sulle strade della provincia di Lecce  e consultabili on line e tenete presente che in quasi tutte le marine ed in genere in tutte le localit\u00e0 i parcheggi sono a pagamento ed opportunamente segnalati con le <strong>strisce blu<\/strong>. <\/p>\n\n\n\n<h3 class=\"wp-block-heading\"><strong>Come arrivare a Torre Pali in Treno<\/strong><\/h3>\n\n\n\n<p>La <strong>Stazione di Lecce<\/strong>,  a due passi dal centro storico della citt\u00e0 capoluogo di provincia,<strong> \u00e8 capolinea<\/strong> di numerosi treni nazionali e regionali compresi quelli ad alta velocit\u00e0.  Da questa stazione per arrivare a Torre Pali in treno si pu\u00f2 proseguire solo con <strong>le Ferrovie Sud Est<\/strong>, i treni locali che vi condurranno alla stazione pi\u00f9 vicina alla marina che \u00e8 Ruggiano di Salve. I treni della FSE non sono molto veloci ma il tragitto vi permetter\u00e0 di scoprire la bellezza del <strong>paesaggio rurale salentino<\/strong> completamente immersi nel <strong>ritmo lento del territorio<\/strong>. Le Ferrovie Sud Est con i loro 474 km di linea collegano infatti 130 comuni la maggior parte dei quali si trova nel Salento.  <\/p>\n\n\n\n<p>La <strong>stazione ferroviaria <\/strong>FSE d&#8217;arrivo e partenza pi\u00f9 vicina a Torre Pali \u00e8 quella di <strong>Ruggiano<\/strong> che dista qualche chilometro dalla marina. Per arrivare a destinazione si pu\u00f2 prendere il bus delle linee locali o concordare un transfer anche con il proprietario dell&#8217;alloggio. Ad ogni modo occorre<strong> informarsi<\/strong> su orari e tratte prima di intraprendere il viaggio. <\/p>\n\n\n\n<h3 class=\"wp-block-heading\"><strong>Come arrivare in Bus<\/strong><\/h3>\n\n\n\n<p>I collegamenti in BUS da Lecce con i comuni del Salento sono garantiti dagli<strong> autobus della Linea STP<\/strong>,<strong> Societ\u00e0 Trasporti Pubblici di Terra D&#8217;Otranto.<\/strong>  Collegandosi con il sito si potranno avere informazioni riguardo alle localit\u00e0 coperte, le fermate ed i collegamenti e biglietti.  Da giugno a settembre inoltre le corse sono implementate con ulteriori servizi anche locali che permettono gli spostamenti anche tra marine  e borghi vicini. Salento in Bus \u00e8 uno dei principali servizi prettamente estivi con punto di partenza presso il City terminal di Lecce zona Foro Boario. <\/p>\n\n\n\n<h3 class=\"wp-block-heading\"><strong>Come arrivare a Torre Pali in Aereo<\/strong><\/h3>\n\n\n\n<p>Per arrivare in aereo in Salento a Torre Pali, l&#8217;aeroporto pi\u00f9 vicino \u00e8 l<strong>&#8216;Aeroporto del Salento a Brindisi,<\/strong> da cui si pu\u00f2 proseguire in auto, treno o autobus fino a Lecce e poi fino a Torre Pali. Dall&#8217;aeroporto di Brindisi sono attivi i collegamenti <strong>navetta per la stazione di Lecce<\/strong>. Potete anche mettervi in contatto con le agenzie di <strong>noleggio auto di Torre Pali<\/strong> e concordare un transfer per arrivare direttamente alla marina.<\/p>\n\n\n\n<p><\/p>\n","protected":false},"excerpt":{"rendered":"<p>Marina di Torre Pali si trova sul versante ionico della costa del Salento tra Santa Maria di Leuca e Gallipoli. Appartiene al Comune di Salve insieme alle marine di Pescoluse, Posto Vecchio e parte di Lido Marini e deve il suo nome all&#8217;antica torre di avvistamento da sempre punto di riferimento per gli abitanti. La [&hellip;]<\/p>\n","protected":false},"author":6,"featured_media":0,"parent":0,"menu_order":0,"comment_status":"open","ping_status":"closed","template":"","meta":{"footnotes":""},"class_list":["post-19","page","type-page","status-publish","hentry"],"blocksy_meta":[],"yoast_head":"<!-- This site is optimized with the Yoast SEO plugin v26.2 - https:\/\/yoast.com\/wordpress\/plugins\/seo\/ -->\n<title>Come Arrivare a Torre Pali nel Salento<\/title>\n<meta name=\"description\" content=\"Arrivare a Torre Pali quasi all&#039;estremit\u00e0 della Puglia \u00e8 un autentico &quot;viaggio nel viaggio&quot; che vi porter\u00e0 attraverso la bellezza unica di uno dei paesaggi pi\u00f9 sorprendenti del Sud Italia.\" \/>\n<meta name=\"robots\" content=\"index, follow, max-snippet:-1, max-image-preview:large, max-video-preview:-1\" \/>\n<link rel=\"canonical\" href=\"https:\/\/www.torrepali.info\/index.php\/come-arrivare-a-torre-pali-le\" \/>\n<meta property=\"og:locale\" content=\"it_IT\" \/>\n<meta property=\"og:type\" content=\"article\" \/>\n<meta property=\"og:title\" content=\"Come Arrivare a Torre Pali nel Salento\" \/>\n<meta property=\"og:description\" content=\"Arrivare a Torre Pali quasi all&#039;estremit\u00e0 della Puglia \u00e8 un autentico &quot;viaggio nel viaggio&quot; che vi porter\u00e0 attraverso la bellezza unica di uno dei paesaggi pi\u00f9 sorprendenti del Sud Italia.\" \/>\n<meta property=\"og:url\" content=\"https:\/\/www.torrepali.info\/index.php\/come-arrivare-a-torre-pali-le\" \/>\n<meta property=\"og:site_name\" content=\"Torre Pali Marina di Salve\" \/>\n<meta property=\"article:modified_time\" content=\"2024-11-05T15:33:49+00:00\" \/>\n<meta property=\"og:image\" content=\"https:\/\/www.torrepali.info\/wp-content\/uploads\/2013\/07\/torre-pali-info-testata.jpg\" \/>\n<meta name=\"twitter:card\" content=\"summary_large_image\" \/>\n<meta name=\"twitter:label1\" content=\"Tempo di lettura stimato\" \/>\n\t<meta name=\"twitter:data1\" content=\"4 minuti\" \/>\n<script type=\"application\/ld+json\" class=\"yoast-schema-graph\">{\"@context\":\"https:\/\/schema.org\",\"@graph\":[{\"@type\":\"WebPage\",\"@id\":\"https:\/\/www.torrepali.info\/index.php\/come-arrivare-a-torre-pali-le\",\"url\":\"https:\/\/www.torrepali.info\/index.php\/come-arrivare-a-torre-pali-le\",\"name\":\"Come Arrivare a Torre Pali nel Salento\",\"isPartOf\":{\"@id\":\"https:\/\/www.torrepali.info\/#website\"},\"primaryImageOfPage\":{\"@id\":\"https:\/\/www.torrepali.info\/index.php\/come-arrivare-a-torre-pali-le#primaryimage\"},\"image\":{\"@id\":\"https:\/\/www.torrepali.info\/index.php\/come-arrivare-a-torre-pali-le#primaryimage\"},\"thumbnailUrl\":\"https:\/\/www.torrepali.info\/wp-content\/uploads\/2013\/07\/torre-pali-info-testata.jpg\",\"datePublished\":\"2024-11-05T15:32:00+00:00\",\"dateModified\":\"2024-11-05T15:33:49+00:00\",\"description\":\"Arrivare a Torre Pali quasi all'estremit\u00e0 della Puglia \u00e8 un autentico \\\"viaggio nel viaggio\\\" che vi porter\u00e0 attraverso la bellezza unica di uno dei paesaggi pi\u00f9 sorprendenti del Sud Italia.\",\"breadcrumb\":{\"@id\":\"https:\/\/www.torrepali.info\/index.php\/come-arrivare-a-torre-pali-le#breadcrumb\"},\"inLanguage\":\"it-IT\",\"potentialAction\":[{\"@type\":\"ReadAction\",\"target\":[\"https:\/\/www.torrepali.info\/index.php\/come-arrivare-a-torre-pali-le\"]}]},{\"@type\":\"ImageObject\",\"inLanguage\":\"it-IT\",\"@id\":\"https:\/\/www.torrepali.info\/index.php\/come-arrivare-a-torre-pali-le#primaryimage\",\"url\":\"https:\/\/www.torrepali.info\/wp-content\/uploads\/2013\/07\/torre-pali-info-testata.jpg\",\"contentUrl\":\"https:\/\/www.torrepali.info\/wp-content\/uploads\/2013\/07\/torre-pali-info-testata.jpg\"},{\"@type\":\"BreadcrumbList\",\"@id\":\"https:\/\/www.torrepali.info\/index.php\/come-arrivare-a-torre-pali-le#breadcrumb\",\"itemListElement\":[{\"@type\":\"ListItem\",\"position\":1,\"name\":\"Home\",\"item\":\"https:\/\/www.torrepali.info\/\"},{\"@type\":\"ListItem\",\"position\":2,\"name\":\"Come Arrivare a Torre Pali (Le)\"}]},{\"@type\":\"WebSite\",\"@id\":\"https:\/\/www.torrepali.info\/#website\",\"url\":\"https:\/\/www.torrepali.info\/\",\"name\":\"Torre Pali Marina di Salve\",\"description\":\"Informazioni turistiche su Torre Pali\",\"publisher\":{\"@id\":\"https:\/\/www.torrepali.info\/#organization\"},\"potentialAction\":[{\"@type\":\"SearchAction\",\"target\":{\"@type\":\"EntryPoint\",\"urlTemplate\":\"https:\/\/www.torrepali.info\/?s={search_term_string}\"},\"query-input\":{\"@type\":\"PropertyValueSpecification\",\"valueRequired\":true,\"valueName\":\"search_term_string\"}}],\"inLanguage\":\"it-IT\"},{\"@type\":\"Organization\",\"@id\":\"https:\/\/www.torrepali.info\/#organization\",\"name\":\"TorrePali.info\",\"url\":\"https:\/\/www.torrepali.info\/\",\"logo\":{\"@type\":\"ImageObject\",\"inLanguage\":\"it-IT\",\"@id\":\"https:\/\/www.torrepali.info\/#\/schema\/logo\/image\/\",\"url\":\"http:\/\/www.torrepali.info\/wp-content\/uploads\/2013\/07\/torre-pali-info-testata.jpg\",\"contentUrl\":\"http:\/\/www.torrepali.info\/wp-content\/uploads\/2013\/07\/torre-pali-info-testata.jpg\",\"width\":1000,\"height\":288,\"caption\":\"TorrePali.info\"},\"image\":{\"@id\":\"https:\/\/www.torrepali.info\/#\/schema\/logo\/image\/\"}}]}<\/script>\n<!-- \/ Yoast SEO plugin. -->","yoast_head_json":{"title":"Come Arrivare a Torre Pali nel Salento","description":"Arrivare a Torre Pali quasi all'estremit\u00e0 della Puglia \u00e8 un autentico \"viaggio nel viaggio\" che vi porter\u00e0 attraverso la bellezza unica di uno dei paesaggi pi\u00f9 sorprendenti del Sud Italia.","robots":{"index":"index","follow":"follow","max-snippet":"max-snippet:-1","max-image-preview":"max-image-preview:large","max-video-preview":"max-video-preview:-1"},"canonical":"https:\/\/www.torrepali.info\/index.php\/come-arrivare-a-torre-pali-le","og_locale":"it_IT","og_type":"article","og_title":"Come Arrivare a Torre Pali nel Salento","og_description":"Arrivare a Torre Pali quasi all'estremit\u00e0 della Puglia \u00e8 un autentico \"viaggio nel viaggio\" che vi porter\u00e0 attraverso la bellezza unica di uno dei paesaggi pi\u00f9 sorprendenti del Sud Italia.","og_url":"https:\/\/www.torrepali.info\/index.php\/come-arrivare-a-torre-pali-le","og_site_name":"Torre Pali Marina di Salve","article_modified_time":"2024-11-05T15:33:49+00:00","og_image":[{"url":"https:\/\/www.torrepali.info\/wp-content\/uploads\/2013\/07\/torre-pali-info-testata.jpg","type":"","width":"","height":""}],"twitter_card":"summary_large_image","twitter_misc":{"Tempo di lettura stimato":"4 minuti"},"schema":{"@context":"https:\/\/schema.org","@graph":[{"@type":"WebPage","@id":"https:\/\/www.torrepali.info\/index.php\/come-arrivare-a-torre-pali-le","url":"https:\/\/www.torrepali.info\/index.php\/come-arrivare-a-torre-pali-le","name":"Come Arrivare a Torre Pali nel Salento","isPartOf":{"@id":"https:\/\/www.torrepali.info\/#website"},"primaryImageOfPage":{"@id":"https:\/\/www.torrepali.info\/index.php\/come-arrivare-a-torre-pali-le#primaryimage"},"image":{"@id":"https:\/\/www.torrepali.info\/index.php\/come-arrivare-a-torre-pali-le#primaryimage"},"thumbnailUrl":"https:\/\/www.torrepali.info\/wp-content\/uploads\/2013\/07\/torre-pali-info-testata.jpg","datePublished":"2024-11-05T15:32:00+00:00","dateModified":"2024-11-05T15:33:49+00:00","description":"Arrivare a Torre Pali quasi all'estremit\u00e0 della Puglia \u00e8 un autentico \"viaggio nel viaggio\" che vi porter\u00e0 attraverso la bellezza unica di uno dei paesaggi pi\u00f9 sorprendenti del Sud Italia.","breadcrumb":{"@id":"https:\/\/www.torrepali.info\/index.php\/come-arrivare-a-torre-pali-le#breadcrumb"},"inLanguage":"it-IT","potentialAction":[{"@type":"ReadAction","target":["https:\/\/www.torrepali.info\/index.php\/come-arrivare-a-torre-pali-le"]}]},{"@type":"ImageObject","inLanguage":"it-IT","@id":"https:\/\/www.torrepali.info\/index.php\/come-arrivare-a-torre-pali-le#primaryimage","url":"https:\/\/www.torrepali.info\/wp-content\/uploads\/2013\/07\/torre-pali-info-testata.jpg","contentUrl":"https:\/\/www.torrepali.info\/wp-content\/uploads\/2013\/07\/torre-pali-info-testata.jpg"},{"@type":"BreadcrumbList","@id":"https:\/\/www.torrepali.info\/index.php\/come-arrivare-a-torre-pali-le#breadcrumb","itemListElement":[{"@type":"ListItem","position":1,"name":"Home","item":"https:\/\/www.torrepali.info\/"},{"@type":"ListItem","position":2,"name":"Come Arrivare a Torre Pali (Le)"}]},{"@type":"WebSite","@id":"https:\/\/www.torrepali.info\/#website","url":"https:\/\/www.torrepali.info\/","name":"Torre Pali Marina di Salve","description":"Informazioni turistiche su Torre Pali","publisher":{"@id":"https:\/\/www.torrepali.info\/#organization"},"potentialAction":[{"@type":"SearchAction","target":{"@type":"EntryPoint","urlTemplate":"https:\/\/www.torrepali.info\/?s={search_term_string}"},"query-input":{"@type":"PropertyValueSpecification","valueRequired":true,"valueName":"search_term_string"}}],"inLanguage":"it-IT"},{"@type":"Organization","@id":"https:\/\/www.torrepali.info\/#organization","name":"TorrePali.info","url":"https:\/\/www.torrepali.info\/","logo":{"@type":"ImageObject","inLanguage":"it-IT","@id":"https:\/\/www.torrepali.info\/#\/schema\/logo\/image\/","url":"http:\/\/www.torrepali.info\/wp-content\/uploads\/2013\/07\/torre-pali-info-testata.jpg","contentUrl":"http:\/\/www.torrepali.info\/wp-content\/uploads\/2013\/07\/torre-pali-info-testata.jpg","width":1000,"height":288,"caption":"TorrePali.info"},"image":{"@id":"https:\/\/www.torrepali.info\/#\/schema\/logo\/image\/"}}]}},"_links":{"self":[{"href":"https:\/\/www.torrepali.info\/index.php\/wp-json\/wp\/v2\/pages\/19","targetHints":{"allow":["GET"]}}],"collection":[{"href":"https:\/\/www.torrepali.info\/index.php\/wp-json\/wp\/v2\/pages"}],"about":[{"href":"https:\/\/www.torrepali.info\/index.php\/wp-json\/wp\/v2\/types\/page"}],"author":[{"embeddable":true,"href":"https:\/\/www.torrepali.info\/index.php\/wp-json\/wp\/v2\/users\/6"}],"replies":[{"embeddable":true,"href":"https:\/\/www.torrepali.info\/index.php\/wp-json\/wp\/v2\/comments?post=19"}],"version-history":[{"count":2,"href":"https:\/\/www.torrepali.info\/index.php\/wp-json\/wp\/v2\/pages\/19\/revisions"}],"predecessor-version":[{"id":430,"href":"https:\/\/www.torrepali.info\/index.php\/wp-json\/wp\/v2\/pages\/19\/revisions\/430"}],"wp:attachment":[{"href":"https:\/\/www.torrepali.info\/index.php\/wp-json\/wp\/v2\/media?parent=19"}],"curies":[{"name":"wp","href":"https:\/\/api.w.org\/{rel}","templated":true}]}}